*h + 15. Let y be c(-15). Suppose -y = -9*z + 6*z. Give s(z).
-1
Suppose 213 = 4*d + 3*b - 13, 4*b - 173 = -3*d. Let l(p) = 59*p**2 + p - 3 - d*p**2 + 3. What is l(1)?
5
Let o = 11 + -7. Let v = 62 + -64. Let c(b) = 3*b + 7. Let r(j) = -4*j - 8. Let t(p) = v*r(p) - 3*c(p). Give t(o).
-9
Let f(o) = o**2 + 11*o + 7. Let h = 237 + -249. What is f(h)?
19
Let u(z) = -4 + 3*z**2 + 0*z**2 - 11661*z**3 - 3*z + 11662*z**3 + 0*z**2. Let g(y) = y**2 + 6*y - 10. Let s be g(-7). What is u(s)?
5
Let x(h) = 7*h + 24. Let k be x(-4). Let u(d) = d - 4. Let v(q) = q - 4. Let w(j) = -3*u(j) + 4*v(j). Determine w(k).
-8
Let f(a) = -8*a + 2. Let z be -2 + (2/(-6))/(5/15). Determine f(z).
26
Let b(x) = 6*x**3 - 44*x**2 + 15*x + 5. Let a(q) = -q**3 + 9*q**2 - 2*q - 1. Let k(p) = -11*a(p) - 2*b(p). Determine k(-10).
-19
Let z = 658 + -655. Let a(x) = -x**3 - x**2 + 5*x + 6. Determine a(z).
-15
Let y(j) be the first derivative of -j**4/4 - j**3/6 + 51*j**2/2 + 48. Let x(t) be the second derivative of y(t). Calculate x(-1).
5
Let k(q) = 5*q - 6. Let j(y) = -14*y + 17. Let i(c) = 3*j(c) + 8*k(c). Let n be (-8)/(-12)*(-30)/(-4). Calculate i(n).
-7
Let g(i) be the first derivative of -21 - 7/3*i**3 - 2*i - 1/4*i**4 + 7/2*i**2. What is g(-8)?
6
Let q(r) = 3*r + 33. Let u(t) = -3*t - 31. Let n(h) = -4*q(h) - 5*u(h). Let k be n(-6). Let o(a) = -a**2 + 2*a + 5. What is o(k)?
-10
Let p be ((-10)/(-6))/(20/72). Let x(b) = b - 7. Give x(p).
-1
Let n(f) = 9*f. Let c be (-54)/(-15) - 16/(-40). Suppose -3 = -7*i + c*i. Determine n(i).
9
Let t(g) be the second derivative of -g**3/6 + 5*g**2 - g. Let v(f) = -f**2 + 9*f - 14. Let u(w) = 4*w**2. Let a be u(1). Let z be v(a). Determine t(z).
4
Let m(u) = 13*u - 8. Let i(k) = -3*k + 2. Let q(n) = -9*i(n) - 2*m(n). Let l be (-6)/(-2)*4/(-3). Determine q(l).
-6
Let a(o) = 15*o**2 - 5*o - 4. Let u = -21 + 20. Calculate a(u).
16
Suppose 0 = -4*f - 20, 3*t - f - 1 = t. Let u(p) = -2*p - p**2 - 3 - 2*p - 2*p. Determine u(t).
5
Suppose -2 = -i + 3*m, 4*i + 8 = 23*m - 19*m. Let a(r) = r**3 + 4*r**2 + 3*r + 4. Give a(i).
-8
Let i = 10 - 9. Suppose 3*f = 5*c - 28, f = i - 2. Let p(o) = -4 - 8 + 4 + c + o. Determine p(4).
1
Suppose 107*g = 112*g - 3*v + 35, g - v + 7 = 0. Let d(s) = -s**3 - 8*s**2 - 12*s - 23. Give d(g).
12
Let t(p) = -p**3 - 19*p**2 + 6*p + 6. Let u(z) = 2*z**3 + 40*z**2 - 13*z - 12. Let g(q) = -13*t(q) - 6*u(q). Give g(-7).
-6
Let s(b) = b**2 + 6*b + 16. Let v be 42/(-189) - 61/9*1. What is s(v)?
23
Let a(r) = r - 10. Let t(v) = -v**3 - 20*v**2 + 22*v + 11. Let l be t(-21). Let s be (-4)/(-6)*-5*36/l. What is a(s)?
2
Let b = 9 - -11. Suppose 48*c + b = 53*c. Let j(l) = -2*l**2 + 5*l. Give j(c).
-12
Suppose -v - 3*i + 8 = 0, -v + i = v - 2. Let h be (-4)/(-3) - v/6. Let b(a) = -17*a + 3*a**2 + h - a**3 + 21*a - 1. Give b(4).
0
Let g(z) = -z**2 - 8*z + 5. Let b be g(-9). Let d(p) = -4*p - 7. Let w be d(b). Let o be (-4)/(-18) + (-2)/w. Let t(m) = -m**3 + m**2 - m - 8. Determine t(o).
-8
Let q(z) = -z - 2. Let s be q(-15). Let u(b) = b**2 - 13*b + 1. Calculate u(s).
1
Let w = -566 + 569. Let q(c) be the first derivative of 2*c**2 - c**w + 2 + 0*c - 1/4*c**4. Calculate q(-3).
-12
Let k(r) = -61*r + 16 + 21*r + 39*r. Determine k(7).
9
Let q(n) = n**2 - 19*n - 87. Let c be q(23). Let r(l) = -l**3 + 6*l**2 + 2*l - 7. Give r(c).
28
Let u(k) = k - 6. Let a(t) = 2*t - 13. Let g(d) = 2*a(d) - 5*u(d). Determine g(11).
-7
Suppose -19 = 3*u - 28. Suppose -4*a - 17 = y, -4*a - 11 = u*y - 2*a. Let b(m) = 6*m. What is b(y)?
-6
Suppose -25*d + 5 + 170 = 0. Let q(s) be the second derivative of s**5/20 - 2*s**4/3 + s**3 + 2*s**2 - s. Give q(d).
-3
Let w(p) = p**3 + 2*p**2 - p + 1. Let g(a) = 4*a**3 + 5*a**2 - 4*a + 4. Let f(d) = 2*g(d) - 7*w(d). What is f(4)?
-3
Let i(k) = -4*k + k**2 - 2*k**2 - 2*k + 2*k - 2*k - 1. Suppose -2*w + 13 = -h, 3*h + 0*h + 3 = -3*w. Give i(h).
4
Let w(g) be the first derivative of g**2/2 - 17*g + 282. Determine w(9).
-8
Suppose x - 17 - 7 = -y, 2*x = 3*y + 38. Suppose -s - x = -15. Let h(u) = -u - 2. What is h(s)?
5
Let g = -1142 + 1144. Let w(o) be the third derivative of g*o**3 + 8*o**2 + 0*o + 0 + 1/24*o**4. What is w(0)?
12
Let k(u) = u**3 + 4*u**2 + 3*u - 3. Let h(g) = -g**3 - 4*g**2 + 7*g - 4. Let y be h(-5). Let b = y - -11. What is k(b)?
-3
Let g(q) = 6*q**2 - 2*q - 1. Let s(b) = b**3 - 14*b**2 + 4*b + 3. Let d(p) = -5*g(p) - 2*s(p). What is d(-2)?
3
Suppose 4*o - 4*m + 16 = 0, -o - 5*m + 0*m + 20 = 0. Let s(d) be the second derivative of 1/2*d**2 + o - 4*d + d**3 + 1/12*d**4. Give s(-5).
-4
Let m be 1*29/(-3) + (-13)/39. Let x(i) = -i**3 - 10*i**2 + 1. Give x(m).
1
Let c(m) = -m**3 + 23*m**2 - 22*m - 4. Let d = -68 + 90. Calculate c(d).
-4
Let k(n) be the first derivative of -n**3/3 + 4*n**2 + 12*n + 164. Determine k(9).
3
Let o(j) be the first derivative of -j**3/3 + j**2/2 + 20*j + 444. Calculate o(0).
20
Let u(z) be the first derivative of -z**5/20 + 5*z**4/12 - z**3/2 + 5*z**2/2 - 28*z + 2. Let q(r) be the first derivative of u(r). Determine q(4).
9
Let s(y) = 408 - 417 + 4*y - 4*y + 2*y - y**2. Give s(0).
-9
Suppose 3*q + q + 8 = 0. Suppose 5*u - 5*l = 40, -1 = -4*l + 3. Let x(p) = -u*p + 223 + 8*p - 225. Give x(q).
0
Let y(g) = 2*g + 4. Let o(t) = t - 15. Let h(n) = -n + 14. Let r(d) = -4*h(d) - 3*o(d). Let a be r(5). What is y(a)?
-8
Let g(k) = 3*k - 33 + 17 + 15. Let h(n) = 3*n. Let x(j) = 3*g(j) - 4*h(j). Give x(4).
-15
Suppose 0 = 20*p - 0 - 60. Let z(n) be the first derivative of 1/2*n**2 - p*n + 3. Determine z(0).
-3
Let j be 4/14 + (-57)/(-21). Suppose -2*c + j*o = -5*c + 15, 0 = 2*c - 3*o + 5. Let k(y) = -y**3 - c*y**2 + 35*y + 3*y**2 - 3 + 0*y**3 - 30*y. What is k(3)?
-6
Let s(f) = f - 5. Let n(q) = -q**2 + 6*q - 2. Let v be n(4). Determine s(v).
1
Let z(l) = -16*l - 13 + 22*l - 7*l. Calculate z(-8).
-5
Let v(w) = 24*w**3 - w - 1. Let h be -1*4/8 - 3/6. Calculate v(h).
-24
Let o(z) = 1 + 1338*z**3 + 2*z + 5*z + 8*z**2 - 1337*z**3. Give o(-7).
1
Let a(z) = -3*z + 3 - 2*z + 7*z + z**2. Suppose 22 = -5*w + 4*i, -6*w + w - 13 = -i. Give a(w).
3
Let w(h) = -75*h - 38. Let s(l) = 26*l + 13. Let r(p) = 17*s(p) + 6*w(p). Give r(-2).
9
Suppose 0 = -r + 1, -g - r = -6*r + 3. Let f be 3 + 1 + -4 + g. Let q(s) = s**3 - 3*s**2 + 3*s - 2. Calculate q(f).
0
Let f(c) = 3*c**2 - 9*c**2 - 6*c**2 - 9*c**2 + 5 + c. Let v(r) = r**2 - 1. Let a(b) = -f(b) - 5*v(b). Calculate a(1).
15
Let h(p) = -p**2 - p + 1. Let g = 92 - 94. Calculate h(g).
-1
Suppose 24 = -3*w + 3*s, -4*w + s - 33 = -7. Let t(i) = 6*i + 7. Calculate t(w).
-29
Suppose 87 + 47 = -4*p - 2*o, 5*p = 4*o - 187. Let f be p/(-20)*4*1. Let q(y) = y**3 - 8*y**2 + 5*y + 10. Determine q(f).
-4
Let w = -1 - -4. Let a(v) = v**w - 6 - 4 - v + v**2 - v + v. Suppose 7*j = -3*j + 11*j. What is a(j)?
-10
Suppose 24*g = 5*g. Let z(w) be the second derivative of g + 1/12*w**4 + 5/2*w**2 - 4*w + 3/2*w**3. Give z(-6).
-13
Let q be (-8)/(4/2) - -1*6. Let a(s) = -10*s. Let f(c) = -3*c. Let n(z) = q*a(z) - 7*f(z). What is n(-1)?
-1
Suppose -27*l - 1462 + 1543 = 0. Let x(a) = -a + 4*a + a**2 + 2 - 3*a**2. Give x(l).
-7
Suppose 19 + 51 = -14*c. Let j(h) = 5*h**3 + 8*h**3 - 3*h + 4*h**2 - 12*h**3 + 6. Calculate j(c).
-4
Let q(c) = -c + 6. Let w(u) = 3*u - 17. Let s(f) = -7*q(f) - 2*w(f). What is s(0)?
-8
Let v(p) = -p - 1. Let g(c) = -5*c - 14. Let i = 16 + -12. Suppose 2*a + 5*k = 4*k + 3, -5*a - i*k + 9 = 0. Let n(y) = a*g(y) - 6*v(y). Calculate n(5).
-3
Let m(p) = p**2 + 1. Let i be m(-1). Let j(d) = d**2 - i*d**2 - 1 - 4 - 6*d. Let l = 1728 + -1734. Determine j(l).
-5
Let d be (0 - (-20)/9) + 4/(-18). Let u(l) = -4*l**d - 11 + 5*l + 3*l**2 - l**3 + 4 + 5*l**2. Determine u(5).
-7
Let w(a) = a**3 + 3*a**2 - 4*a + 4. Let b(y) = 90*y + 1 + 4 - 89*y. Let g be b(-9). What is w(g)?
4
Let c(r) = r**2 - r. Let a(l) = -4*l + 2. Let v(z) = a(z) + c(z). Let g = 0 - -4. Let p be (3 + -1)*10/g. Give v(p).
2
Let v(z) = z**3 + 6*z**2 - 11*z + 3. Let y = -754 + 746. What is v(y)?
-37
Let c(i) be the third derivative of 3*i**2 + 2/3*i**3 + 0*i + 0 - 1/4*i**4 + 1/30*i**5. Let r be 4 - 2 - -1 - -1. Calculate c(r).
12
Let g(s) = -3*s - 12. Suppose -5*m + i - 42 = 0, 2*m + 4*i = -3*m - 32. Determine g(m).
12
Suppose t + 12 = -2*q - 3*t, 5*t + 16 = -2*q. Let d(c) be the second derivative of -c